e the prime factors of q/84 - 6/(-14)?
3, 53
Let v = -8 - -8. Let n be (2 + v - -1)*1. Suppose n*r = 7*r - 68. What are the prime factors of r?
17
Let g(u) = 6*u**2 + 50*u + 2837. List the prime factors of g(-49).
3, 4931
Suppose 10*s - 5*s - 3*v = 3067, 4*s - 2452 = 4*v. Suppose s = q + 2*p, q + 2496 = 5*q - 2*p. What are the prime factors of q?
2, 311
Let q(o) = 2*o**2 - 5*o - 188. What are the prime factors of q(-111)?
89, 281
Let m(t) = -34 + 17 + 0*t**2 + 6*t**2 + 16. List the prime factors of m(-4).
5, 19
Suppose 4*b - 78 - 2 = 0. Let w be ((-271)/4)/((-5)/b). Let v = w + -192. What are the prime factors of v?
79
Let k(h) = 44 + 2*h**2 + h**2 + 4 + 6*h - 2*h**2. What are the prime factors of k(-17)?
5, 47
Let r(z) be the second derivative of -z**5/10 + 2*z**4 + 7*z**3/3 + 2*z**2 + 16*z. List the prime factors of r(9).
2, 7, 11
Suppose -4*t + 3*t = -3. Let j be (-58)/(-2) - (-207)/(-23). Suppose t*m - 77 + j = 0. List the prime factors of m.
19
Suppose 2078 + 1933 = x. What are the prime factors of x?
3, 7, 191
Let w be 24/40 + (-15726)/10. Let a = w - -2245. List the prime factors of a.
673
Let s be 429/13 + (-8)/2. Suppose s*w - 27*w - 84 = 0. What are the prime factors of w?
2, 3, 7
Suppose -46*y - 141*y + 5793821 = 0. What are the prime factors of y?
30983
Let d = -38840 + 70816. List the prime factors of d.
2, 7, 571
Suppose 3*m + 18 = 0, -2*p = 3*m + 4550 - 41744. What are the prime factors of p?
2, 3, 7, 443
Let v(h) = -h**2 + h. Let x(q) = q**3 + 4*q**2 - 3*q + 22. Let u(z) = 5*v(z) + x(z). What are the prime factors of u(5)?
2, 3, 11
Let y = 161 + -137. Suppose y*r - 8907 = 9789. What are the prime factors of r?
19, 41
Suppose 279 + 41 = 16*f. Suppose 2*c - 2265 = -5*t + 5*c, 0 = -4*c - f. List the prime factors of t.
2, 3, 5
Let f(y) = y**3 + 15*y**2 + 14*y + 11. Let z be f(-14). Suppose 0 = -3*a + q + 9, -z*q = -7*q + 12. What are the prime factors of 10 + -12 - (-1 + a + -131)?
2
Suppose 15*p = -3*p + 72. Suppose 1028 = 2*j + r - p*r, -5*r = 0. What are the prime factors of j?
2, 257
Suppose 5*m + 53 - 13 = 0. Let y = m - -4. Let i(w) = w**3 + 4*w**2 - 7*w - 8. List the prime factors of i(y).
2, 5
Suppose 32 = 5*g - 0*g + p, 2*g + 5*p + 1 = 0. Suppose -k + z = 7, -g*k + 5*z - 31 = -3*k. What are the prime factors of (-10)/(-5) + k + 47?
3, 5
Let a(t) = -174*t - 2. Let w be a(-2). Let d = w + -188. Let f = d + -87. List the prime factors of f.
71
Let y(t) be the second derivative of -t**4/6 + 13*t**2/2 - 25*t. Let c be y(-4). List the prime factors of (-38508)/(-228) + (-2)/c.
13
Let h = -683 + 723. Suppose 2*i - h = 180. What are the prime factors of i?
2, 5, 11
Let j(f) = -2*f**3 - 2*f**2 - f + 1. Let m be j(-1). Suppose 28 = 6*k - 38. Suppose m*u = k*u - 1098. What are the prime factors of u?
2, 61
Let x(c) = c + 7. Suppose g - 4 = 2. Let v be x(g). Let b(p) = 2*p**2 - 13*p - 22. List the prime factors of b(v).
3, 7
Let q(b) = -b**3 + 2*b**2 + b + 2. Let w be q(0). Suppose 4*m - 248 = 2*m - z, -4*z = w*m - 260. List the prime factors of m.
2, 61
Suppose 3*k + 15589 + 78920 = 0. List the prime factors of k/(-27) + (8/(-36))/(-1).
3, 389
What are the prime factors of (2 - 3)/(((-2)/4749)/(50/15))?
5, 1583
Let d = -63422 - -89498. What are the prime factors of d?
2, 3, 41, 53
Suppose 4*r = 5*k - 65, -4*k - 2 = 4*r - 18. Suppose -1692 = -2*h + k*g - 7*g, 4*h - 3376 = 2*g. List the prime factors of h.
2, 421
Let o be 1 + (-3)/(6 - 198/30). Suppose 3*w = -4*q + 3920, 2*w + 7*q - 2620 = o*q. What are the prime factors of w?
2, 41
Let r(s) = 4*s**2 - 46*s - 8. Suppose 0 = 16*c + 6*c - 286. List the prime factors of r(c).
2, 5, 7
Let g = -2737 - -18391. What are the prime factors of g?
2, 3, 2609
Let g = -521 + 512. What are the prime factors of (-2692)/g + ((-88)/(-18) - 5)?
13, 23
Let q = 35563 + -24679. What are the prime factors of q?
2, 3, 907
Let p = -18082 - -39333. List the prime factors of p.
79, 269
Let y(i) = 31*i**3 + 21*i**2 - 11*i + 34. List the prime factors of y(13).
3, 7, 3407
Let w(v) be the first derivative of v**4/4 + 13*v**3/3 - 8*v**2 - 6*v - 4. Suppose 67 = -12*s - 101. What are the prime factors of w(s)?
2, 11
Let q = -13710 + 18203. What are the prime factors of q?
4493
Let a be 2/((-4)/32*-4). Suppose -2*w = 2*v - 104, -a = 3*v + 5*w - 168. What are the prime factors of ((-30)/4)/((-12)/v)?
2, 3, 5
Suppose 147*n = 32*n + 1850235. List the prime factors of n.
3, 31, 173
Let r(y) = 9*y**3 + 2*y**2 - 5*y - 4. Let d(c) = -9*c**3 - 2*c**2 + 4*c + 3. Let l(v) = -4*d(v) - 5*r(v). What are the prime factors of l(-4)?
2, 3, 43
Let s(u) be the first derivative of -25/2*u**2 - 14*u - 1/3*u**3 + 25. List the prime factors of s(-10).
2, 17
Let i(v) = -586*v + 2000. What are the prime factors of i(-12)?
2, 1129
Suppose b - 2*c - 9 = 0, 4*c + 2 + 6 = 0. Suppose s = -5*k + 8 + 7, -3*s = -b*k + 15. List the prime factors of (-33)/(-22)*38/k.
19
Suppose 0 = 5*m + 2*c - 850, m - 11*c - 167 = -12*c. Let f = -64 + m. What are the prime factors of f?
2, 3
Suppose -69*k = -73*k + 20. List the prime factors of (k/2)/(0 + (-7)/(-238)).
5, 17
Let r(s) = 17*s**2 - 70*s - 7. Let k be r(6). Let p = k + 127. What are the prime factors of p?
2, 3, 13
Let o = -73 - -84. Suppose -11232 = o*u - 23*u. What are the prime factors of u?
2, 3, 13
Suppose 1793732 = 155*t - 1910933 + 1213505. List the prime factors of t.
2, 7, 41
Suppose 309 + 607 = 2*y. List the prime factors of y/8 - (75/12 - 6).
3, 19
Let f be 10/(-10) + -1*(-21 - 2). Suppose -f*i = -23*i - 22. Let o = i + 54. List the prime factors of o.
2
Let g = -2797 + 2887. Let d(h) = -h**2 + 1. Let a be d(-1). Let l = a + g. List the prime factors of l.
2, 3, 5
Let s(c) = -8*c + 38. Let i be s(3). Suppose -a + 15*l - i*l + 170 = 0, -l = -2. List the prime factors of a.
2, 43
Let f(y) = 8*y - 6. Let d be f(1). Suppose 0 = -2*p - 4*q + d*q + 270, -2*q + 407 = 3*p. What are the prime factors of p?
137
Let n = 5675 + -1367. List the prime factors of n.
2, 3, 359
Suppose 537*j - 268*j + 198750 = 279*j. What are the prime factors of j?
3, 5, 53
Let j(s) = -12 + 21*s + 33*s - 11 - 3*s - 34. What are the prime factors of j(5)?
2, 3, 11
Let s be 131*(-3)/3 + 5. Let r = s - -132. Suppose r*j = 3*j + 12, 3*j = w - 248. List the prime factors of w.
2, 5, 13
Let j be -1 - -4 - (10 - 8). Suppose -6*g = -11 - j. Suppose -7*s = -4*q - 2*s + 485, 5*q + g*s - 565 = 0. List the prime factors of q.
5, 23
Let a = -44 + 47. Let c(m) be the second derivative of 3*m**5/20 - m**4/12 - m**3/6 - 14*m. What are the prime factors of c(a)?
3, 23
Suppose 720 = 18*l + 6*l. List the prime factors of 12/l + (5 - 11006/(-10)).
2, 7, 79
List the prime factors of 8145/(-10)*(628/(-30) - (-6)/(-15)).
2, 3, 181
Suppose 2*x - 906 = -2*a + x, -a - 2*x + 456 = 0. Let l = a - -137. List the prime factors of l.
19, 31
What are the prime factors of (24 + (-63)/9 + -10)*717?
3, 7, 239
Let u(w) = w**3 - 34*w**2 - 56*w + 337. List the prime factors of u(38).
5, 797
Suppose -38*d - 8*d - 33*d = -248139. What are the prime factors of d?
3, 349
Suppose -9*y + 12*y = 6. Let s(j) = 98*j**2 + 10*j - 25. List the prime factors of s(y).
3, 43
Let k(c) = 3*c**3 - 108*c**2 + 40*c - 14. List the prime factors of k(46).
2, 32653
Let g be -2 + (6 - (3 + -2)). Suppose 0 = -4*u - 5*c + 587, g*u = -2*u + 2*c + 709. Suppose 2*h = 3*s + u, -5*h + 2*s + 0*s = -341. List the prime factors of h.
67
Let g = -26 - -28. Let y(z) = -4*z - 3 + 2*z**g - 3 + 1 - 4*z. What are the prime factors of y(7)?
37
Suppose 0 = -27*f - 100678 + 616108. What are the prime factors of f?
2, 5, 23, 83
Suppose d + 15 = 5*i, -3*i - i + 6 = -2*d. Suppose -25 = -d*y, 5*w - y = 8*w - 200. List the prime factors of w.
5, 13
Let o(r) = -4*r**3 + r + 1. Let w = -48 + 47. Let k be o(w). Suppose -8*h + 124 = -k*h. List the prime factors of h.
31
Let g(b) = b**3 - 45*b**2 - 27*b + 4. Let n(x) = -2*x**3 + 107*x**2 + 55*x - 7. Let z(y) = 5*g(y) + 2*n(y). Let h = 18 - 5. What are the prime factors of z(h)?
19
Let r(x) = -107*x**3 - 222*x - 887. What are the prime factors of r(-4)?
3, 761
Suppose 9*x = x + 8. Let i be x/(-9) - 381/(-27). Suppose -i*j = -1174 + 222. What are the prime factors of j?
2, 17
Let v = 14799 - -2816. List the prime factors of v.
5, 13, 271
Let s(d) = -d + 29. Sup